s digit of 2705?
5
What is the hundreds digit of 3741?
7
What is the tens digit of 405?
0
What is the thousands digit of 1307?
1
What is the hundreds digit of 5723?
7
What is the units digit of 59?
9
What is the tens digit of 84?
8
What is the tens digit of 481?
8
What is the thousands digit of 60458?
0
What is the units digit of 803?
3
What is the tens digit of 132857?
5
What is the tens digit of 29?
2
What is the hundreds digit of 161?
1
What is the units digit of 20537?
7
What is the tens digit of 254?
5
What is the ten thousands digit of 32845?
3
What is the thousands digit of 87930?
7
What is the hundreds digit of 518?
5
What is the tens digit of 21883?
8
What is the hundreds digit of 11350?
3
What is the hundreds digit of 2360?
3
What is the hundreds digit of 1623?
6
What is the thousands digit of 15695?
5
What is the units digit of 47074?
4
What is the ten thousands digit of 10659?
1
What is the units digit of 85?
5
What is the thousands digit of 4545?
4
What is the tens digit of 13400?
0
What is the thousands digit of 41877?
1
What is the tens digit of 16080?
8
What is the units digit of 143?
3
What is the thousands digit of 2580?
2
What is the thousands digit of 7104?
7
What is the hundreds digit of 3471?
4
What is the units digit of 2457?
7
What is the ten thousands digit of 102032?
0
What is the thousands digit of 19838?
9
What is the units digit of 59833?
3
What is the tens digit of 19606?
0
What is the thousands digit of 87125?
7
What is the tens digit of 2939?
3
What is the hundreds digit of 1757?
7
What is the thousands digit of 10587?
0
What is the units digit of 4446?
6
What is the hundreds digit of 2727?
7
What is the units digit of 33572?
2
What is the tens digit of 51271?
7
What is the thousands digit of 1815?
1
What is the units digit of 14990?
0
What is the hundreds digit of 41969?
9
What is the ten thousands digit of 44539?
4
What is the hundreds digit of 45951?
9
What is the hundreds digit of 1800?
8
What is the hundreds digit of 1169?
1
What is the units digit of 70801?
1
What is the units digit of 31546?
6
What is the thousands digit of 5823?
5
What is the hundreds digit of 1717?
7
What is the tens digit of 1374?
7
What is the tens digit of 6595?
9
What is the tens digit of 285?
8
What is the thousands digit of 1420?
1
What is the ten thousands digit of 23053?
2
What is the units digit of 297?
7
What is the hundreds digit of 1036?
0
What is the tens digit of 13617?
1
What is the tens digit of 633?
3
What is the thousands digit of 46280?
6
What is the units digit of 60?
0
What is the hundreds digit of 50588?
5
What is the tens digit of 13598?
9
What is the hundreds digit of 474?
4
What is the thousands digit of 134057?
4
What is the hundreds digit of 31705?
7
What is the thousands digit of 4419?
4
What is the tens digit of 27568?
6
What is the hundreds digit of 730?
7
What is the thousands digit of 38787?
8
What is the units digit of 6509?
9
What is the tens digit of 28599?
9
What is the ten thousands digit of 11354?
1
What is the ten thousands digit of 27616?
2
What is the units digit of 6530?
0
What is the units digit of 2872?
2
What is the units digit of 1940?
0
What is the tens digit of 575?
7
What is the ten thousands digit of 32973?
3
What is the tens digit of 1405?
0
What is the hundreds digit of 5309?
3
What is the tens digit of 4526?
2
What is the hundreds digit of 32027?
0
What is the thousands digit of 1130?
1
What is the hundreds digit of 26190?
1
What is the tens digit of 698?
9
What is the units digit of 10364?
4
What is the hundreds digit of 210?
2
What is the thousands digit of 49119?
9
What is the tens digit of 2770?
7
What is the tens digit of 50411?
1
What is the thousands digit of 59334?
9
What is the ten thousands digit of 16336?
1
What is the thousands digit of 2749?
2
What is the tens digit of 745?
4
What is the hundreds digit of 48635?
6
What is the units digit of 35192?
2
What is the units digit of 340?
0
What is the units digit of 46116?
6
What is the thousands digit of 87065?
7
What is the ten thousands digit of 17877?
1
What is the tens digit of 52049?
4
What is the units digit of 867?
7
What is the hundreds digit of 13104?
1
What is the thousands digit of 1107?
1
What is the thousands digit of 43867?
3
What is the hundreds digit of 101529?
5
What is the hundreds digit of 15648?
6
What is the ten thousands digit of 34747?
3
What is the hundreds digit of 23708?
7
What is the hundreds digit of 31652?
6
What is the thousands digit of 1538?
1
What is the hundreds digit of 7140?
1
What is the thousands digit of 1595?
1
What is the thousands digit of 81362?
1
What is the units digit of 51960?
0
What is the thousands digit of 3797?
3
What is the units digit of 3736?
6
What is the tens digit of 24687?
8
What is the units digit of 31414?
4
What is the tens digit of 121?
2
What is the thousands digit of 6332?
6
What is the thousands digit of 5172?
5
What is the thousands digit of 1789?
1
What is the ten thousands digit of 178375?
7
What is the tens digit of 2886?
8
What is the hundreds digit of 16141?
1
What is the units digit of 8151?
1
What is the hundreds digit of 4787?
7
What is the units digit of 908?
8
What is the tens digit of 9609?
0
What is the thousands digit of 5507?
5
What is the units digit of 7770?
0
What is the units digit of 24058?
8
What is the units digit of 91241?
1
What is the thousands digit of 15041?
5
What is the thousands digit of 1630?
1
What is the tens digit of 144573?
7
What is the tens digit of 1735?
3
What is the tens digit of 22703?
0
What is the thousands digit of 23329?
3
What is the units digit of 128?
8
What is the units digit of 17352?
2
What is the hundreds digit of 877?
8
What is the units digit of 121468?
8
What is the hundreds digit of 82195?
1
What is the units digit of 760?
0
What is the units digit of 7157?
7
What is the tens digit of 16976?
7
What is the hundreds digit of 382?
3
What is the hundreds digit of 765?
7
What is the hundreds digit of 932?
9
What is the tens digit of 24301?
0
What is the thousands digit of 1589?
1
What is the hundreds digit of 478?
4
What is the ten thousands digit of 65943?
6
What is the tens digit of 16882?
8
What is the tens digit of 1010?
1
What is the ten thousands digit of 50027?
5
What is the tens digit of 193?
9
What is the units digit of 4532?
2
What is the hundreds digit of 26990?
9
What is the hundreds digit of 323?
3
What is the ten thousands digit of 21119?
2
What is the thousands digit of 4108?
4
What is the hundreds digit of 776?
7
What is the hundred thousands digit of 121869?
1
What is the units digit of 3593?
3
What is the tens digit of 3141?
4
What is the hundreds digit of 621?
6
What is the units digit of 1914?
4
What is the thousands digit of 3649?
3
What is the hundreds digit of 103758?
7
What is the tens digit of 4190?
9
What is the units digit of 3989?
9
What is the thousands digit of 2338?
2
What is the thousands digit of 1827?
1
What is the hundreds digit of 2950?
9
What is the hundreds digit of 9701?
7
What is the hundreds digit of 2647?
6
What is the thousands digit of 1124?
1
What is the tens digit of 140?
4
What is the thousands digit of 38366?
8
What is the tens digit of 2650?
5
What is the units digit of 7658?
8
What is the hundred thousands digit of 112640?
1
What is the hundreds digit of 872?
8
What is the units digit of 1067?
7
What is the units digit of 73498?
8
What is the hundreds digit of 64590?
5
What is the hundreds digit of 29848?
8
What is the hundreds digit of 881?
8
What is the hundreds digit of 1817?
8
What is the thousands digit of 11253?
1
What is the hundreds digit of 97905?
9
What is the units digit of 8652?
2
What is the hundreds digit of 25135?
1
What is the thousands digit of 10367?
0
What is the units digit of 1588?
8
What is the units digit of 8567?
7
What is the hundreds digit of 1022?
0
What is the units digit of 1287?
7
What is the thousands digit of 2730?
2
What is the units digit of 6589?
9
What is the hundreds digit of 19366?
3
What is the ten thousands digit of 13629?
1
What is the thousands digit of 9055?
9
What is the thousands digit of 1564?
1
What is the units digit of 694?
4
What is the units digit of 53201?
1
What is the units digit of 3125?
5
What is the hund